alse
Is 45504443 prime?
True
Is 1324261 a composite number?
False
Is 8125066 a prime number?
False
Is 20471579 prime?
True
Is 5947699 composite?
False
Is 124924771 prime?
False
Is 318123031 a prime number?
True
Is 1382219 a prime number?
False
Is 219902923 prime?
False
Is 150869 a prime number?
True
Is 741749 composite?
True
Is 4895509 composite?
True
Is 8507197 a composite number?
False
Is 14559013 composite?
True
Is 53987 a prime number?
True
Is 46475813 composite?
True
Is 54859279 composite?
False
Is 16015877 prime?
False
Is 6001189 prime?
True
Is 421207 a composite number?
False
Is 19877003 prime?
True
Is 18224365 a prime number?
False
Is 23765149 prime?
True
Is 10791971 composite?
True
Is 22460561 composite?
True
Is 57790643 a composite number?
True
Is 1466999 composite?
False
Is 10050143 a prime number?
False
Is 4132229 composite?
False
Is 12393877 prime?
True
Is 9452435 prime?
False
Is 50964101 prime?
False
Is 7860283 a prime number?
True
Is 531667 composite?
False
Is 196812983 a prime number?
True
Is 4163191 a prime number?
False
Is 9165097 prime?
True
Is 44140861 a prime number?
True
Is 22996051 a prime number?
False
Is 181802161 prime?
True
Is 64789 prime?
False
Is 65115019 a composite number?
False
Is 8888579 a composite number?
True
Is 95527 a composite number?
False
Is 3034139 prime?
False
Is 874457 prime?
True
Is 369868841 a prime number?
False
Is 51176711 composite?
False
Is 31643479 a prime number?
False
Is 7254259 prime?
True
Is 33317311 a prime number?
True
Is 212424869 a prime number?
True
Is 4078207 prime?
False
Is 66914879 a composite number?
False
Is 259394609 composite?
False
Is 637059 a composite number?
True
Is 1110757 a prime number?
False
Is 34519759 composite?
False
Is 107161993 prime?
False
Is 60541 prime?
False
Is 18100261 a prime number?
True
Is 7921003 prime?
True
Is 2463919 composite?
False
Is 113537 a composite number?
False
Is 117861239 composite?
True
Is 10775199 a prime number?
False
Is 121020617 prime?
False
Is 342029 a composite number?
True
Is 1087547 prime?
False
Is 24804331 prime?
True
Is 1528103 composite?
False
Is 56484577 prime?
False
Is 12283807 prime?
True
Is 8283043 a composite number?
False
Is 1072729 a composite number?
True
Is 8249783 a prime number?
True
Is 30047195 a prime number?
False
Is 111757469 a prime number?
True
Is 35461457 prime?
False
Is 16304831 prime?
False
Is 65617259 composite?
True
Is 885839 composite?
False
Is 22627573 composite?
False
Is 188245111 a composite number?
False
Is 60223903 a composite number?
False
Is 9283233 a prime number?
False
Is 11089079 composite?
True
Is 132409 prime?
True
Is 313400069 a prime number?
True
Is 42937039 a prime number?
True
Is 13501249 prime?
True
Is 442975741 a composite number?
True
Is 1515149 a prime number?
True
Is 625427 prime?
False
Is 33538619 a composite number?
False
Is 140449433 composite?
False
Is 267025919 composite?
True
Is 1774931 a prime number?
False
Is 735379 prime?
False
Is 8709191 composite?
False
Is 2970337 composite?
True
Is 87300299 a prime number?
True
Is 2091097 prime?
True
Is 39042041 composite?
False
Is 253735141 a prime number?
False
Is 981241 a prime number?
True
Is 929333 prime?
True
Is 302101 composite?
True
Is 10976513 composite?
True
Is 366418795 composite?
True
Is 1161557 a prime number?
False
Is 29977099 composite?
False
Is 934735 a prime number?
False
Is 26373097 a prime number?
True
Is 8898521 a prime number?
True
Is 210310621 prime?
False
Is 6430055 a composite number?
True
Is 38343055 a prime number?
False
Is 1278527 prime?
True
Is 30244087 a composite number?
True
Is 2741729 a prime number?
True
Is 380041 prime?
True
Is 21721691 composite?
True
Is 29429531 prime?
False
Is 609538079 prime?
True
Is 12745009 a prime number?
True
Is 773009 a prime number?
False
Is 472009 composite?
True
Is 18647877 prime?
False
Is 182305027 a prime number?
False
Is 247581677 composite?
True
Is 290065 a composite number?
True
Is 65639933 prime?
True
Is 34251571 prime?
True
Is 18218449 a prime number?
True
Is 1691630198 prime?
False
Is 38690705 prime?
False
Is 364675577 prime?
False
Is 1122097 a prime number?
False
Is 26768471 prime?
True
Is 56538901 a composite number?
False
Is 2713415 a composite number?
True
Is 4837901 composite?
True
Is 6002221 a composite number?
True
Is 56181731 a composite number?
False
Is 1252049 prime?
True
Is 10448353 a composite number?
True
Is 196251155 prime?
False
Is 289992107 a composite number?
False
Is 124111109 prime?
False
Is 111458801 a prime number?
True
Is 33944341 a composite number?
False
Is 55153453 a prime number?
True
Is 1182947 a composite number?
False
Is 5439929 a composite number?
True
Is 93838747 a composite number?
False
Is 327343189 prime?
True
Is 133845769 a composite number?
False
Is 1453169 composite?
False
Is 1769089 composite?
True
Is 642189 a composite number?
True
Is 664427 prime?
True
Is 86441711 prime?
True
Is 34232201 prime?
False
Is 3665747 a prime number?
True
Is 117224069 a composite number?
False
Is 354121 composite?
False
Is 2083769 a composite number?
False
Is 800587 a composite number?
False
Is 2605501 a composite number?
False
Is 162704677 a prime number?
False
Is 15355639 composite?
True
Is 18231853 composite?
False
Is 726797131 prime?
True
Is 1748533 a prime number?
False
Is 353487319 a composite number?
False
Is 2325929 prime?
False
Is 102253831 a composite number?
False
Is 10010393 prime?
True
Is 4016629 a prime number?
False
Is 223137883 composite?
False
Is 6157435 a prime number?
False
Is 11924261 composite?
True
Is 16228057 a composite number?
False
Is 4231259 a composite number?
True
Is 226923 prime?
False
Is 309127051 a composite number?
False
Is 51179811 composite?
True
Is 28940789 a composite number?
False
Is 59652157 composite?
False
Is 8842103 a composite number?
False
Is 21436007 a composite number?
True
Is 2870891 a prime number?
False
Is 520043 a composite number?
False
Is 1086233 composite?
True
Is 55761349 prime?
False
Is 12932627 prime?
True
Is 25284733 a prime number?
False
Is 69845093 a composite number?
True
Is 35168599 a composite number?
False
Is 12839906 a composite number?
True
Is 6333751 a prime number?
False
Is 14917961 a prime number?
False
Is 27224783 prime?
False
Is 1455491 composite?
False
Is 2952343 composite?
True
Is 9792773 a prime number?
False
Is 77112413 composite?
True
Is 56436499 prime?
False
Is 38244967 composite?
True
Is 26492279 prime?
False
Is 4544473 prime?
True
Is 1986217 a composite number?
False
Is 1512131 a prime number?
False
Is 16667011 prime?
False
Is 4620415 a composite number?
True
Is 698627 composite?
True
Is 6568967 composite?
False
Is 22146863 composite?
False
Is 380331503 prime?
False
Is 13128611 a composite number?
True
Is 246681547 a composite number?
True
Is 2887307 prime?
True
Is 80978033 prime?
True
Is 441261331 prime?
False
Is 10267331 a composite number?
False
Is 17656069 prime?
True
Is 7146241 a prime number?
True
Is 14019567 prime?
False
Is 17750741 a prime number?
True
Is 8210447 prime?
False
Is 11372099 a composite number?
True
Is 37006631 a composite number?
False
Is 45968761 a prime number?
True
Is 2961271 a composite number?
False
Is 23878817 a composite number?
True
Is 13455853 a prime number?
True
Is 5098243 a composite number?
True
Is 19956967 a prime number?
False
Is 1737005 a composite number?
True
Is 1943467 prime?
True
Is 31595449 composite?
True
Is 1095023 a composite number?
False
Is 37292219 a composite number?
False
Is 71569777 composite?
False
Is 223636739 a prime number?
False
Is 18424487 a composite number?
False
Is 93786221 a prime number?
True
Is 1045851 a composite number?
True
Is 226979917 composite?
False
Is 59868139 a prime number?
True
Is 2758673 a composite number?
True
Is 37098329 composite?
True
Is 484339 a prime number?
True
Is 11838457 a composite number?
False
Is 69986269 a composite number?
False
Is 16124554 a composite number?
True
Is 1289963 composite?
False
Is 523445093 composite?
False
Is 7909903 prime?
True
Is 1741231 composite?
False
Is 336492343 composite?
True
Is 37532713 prime?
True
Is 26844293 a composite number?
True
Is 381051127 a composite number?
False
Is 29403667 composite?
False
Is 1454459 a prime number?
True
Is 8265347 composite?
True
Is